-1 - (-3688)/40). Calculate the greatest common divisor of 26 and b.
13
Suppose y - 196 - 20 = -5*q, -4*q = -y - 180. Calculate the highest common factor of 4 and q.
4
Let w be 0 + 6 + -3 + 67. What is the highest common divisor of 10 and w?
10
Suppose -6 = -4*c + c. Suppose 0 = -0*f - c*f + 228. Suppose 0 = 6*k - 3*k - 3*g - 156, -2*k - 3*g + f = 0. Calculate the greatest common factor of 6 and k.
6
Suppose 0 = 5*d - 32 - 8. Calculate the highest common factor of d and 1.
1
Suppose 4*w + 2*i - 49 = 53, -3*i = -15. Let m be 2/(-2)*1*-161. What is the highest common factor of m and w?
23
Let i(f) = f**2 - 6*f - 17. Let c be i(12). Calculate the highest common divisor of c and 22.
11
Suppose 4*r - 1 - 15 = 0. Calculate the highest common factor of 4 and r.
4
Suppose 63 = -3*l - 42. Let v = 65 + l. What is the greatest common factor of v and 12?
6
Let r be (-5)/(45/12)*-9. Let d be (-50)/15*(-6)/5. Calculate the greatest common divisor of r and d.
4
Let k(w) = 6*w**3 - 7*w**3 + 6*w**2 - 1 + 10*w + 0*w**2. Suppose -2 - 26 = -4*u. Let y be k(u). What is the highest common factor of 2 and y?
2
Let a(s) = s**3 + 9*s**2 + 6. Let q be a(-9). Let f be (-25)/2*6/(-5). What is the greatest common divisor of f and q?
3
Suppose 10 = 5*y + 5*b, 2*y - 3*b - 2*b + 3 = 0. Let z be ((-8)/16)/(y/(-24)). Calculate the highest common divisor of z and 132.
12
Let q be 2/((6/4)/((-180)/(-16))). Let o(j) = -11*j - 3. Let t be o(-3). Calculate the greatest common factor of q and t.
15
Suppose 54*y - 51*y - 78 = 0. Calculate the greatest common divisor of y and 78.
26
Let v be 2/(2/(36/1)). Calculate the greatest common divisor of 54 and v.
18
Let k = 69 - 33. Let j = 74 - k. Let t = 10 + 9. What is the highest common divisor of t and j?
19
Let d be 3/(4/(408/9)). What is the greatest common divisor of 85 and d?
17
Let i(r) = 18*r + 5. Suppose -3*d + 0 + 3 = 0, 0 = 4*p - 3*d - 13. Let z be i(p). Calculate the greatest common factor of 11 and z.
11
Suppose 0 = -k + 69 + 101. Calculate the highest common divisor of 10 and k.
10
Let t(o) = -o**2 + 20*o + 95. Let r be t(22). Let s(u) = -7*u - 4. Let d be s(-3). Calculate the highest common factor of r and d.
17
Suppose -22*d + 154 = -21*d. Calculate the greatest common divisor of 14 and d.
14
Suppose j = -j. Suppose 5*z = -j*z + 70. Calculate the highest common divisor of z and 2.
2
Suppose 2 = f - 2*f. Let i be 88/10 + f/(-10). What is the greatest common divisor of i and 9?
9
Suppose 0 = 18*i - 23*i + 300. Let m = i + -30. Let k be (-62)/(-3) + (-2)/3. What is the highest common divisor of k and m?
10
Let t(m) = -m**3 + 11*m**2 - 10*m. Let r be t(7). Let c = -54 + r. What is the highest common divisor of c and 8?
8
Let d = 74 + -40. What is the greatest common divisor of d and 34?
34
Suppose 0 = 29*x + 52 - 255. Let w be 6*1 - (0 - 1). What is the greatest common factor of w and x?
7
Let f be 178/6 - (5 - 2)/(-9). Suppose 2*z + 90 = -0*z. Let s be (-1)/(48/z + 1). What is the greatest common divisor of s and f?
15
Let l = 19 + -23. Let g be 776/28 + l/(-14). Let v(x) = x**3 + x**2 - 2*x - 2. Let p be v(4). Calculate the greatest common divisor of p and g.
14
Let n(m) = -m**3 - 6*m**2 + 2*m + 5. Let g be n(-7). Let q be 0 + 5/(10/16). Calculate the greatest common factor of q and g.
8
Let j = 37 + -19. Suppose 2*x - 3*f = 0, 0 = -2*f - 2*f + 16. Calculate the highest common factor of x and j.
6
Let i(w) be the first derivative of 2*w**3/3 + w - 8. Let t be i(-1). Calculate the greatest common divisor of t and 1.
1
Suppose -5*l + l - d = -183, 195 = 4*l + 5*d. Calculate the greatest common factor of 9 and l.
9
Let r be 21/1*(-30)/(-9). Suppose -2*s + 13 + 7 = 0. Calculate the greatest common factor of s and r.
10
Let q(t) = 2*t**3 - 4*t**2 + 4. Let n = 9 + -4. Let i be q(n). Let b be (-2)/(-4) + 108/8. What is the highest common divisor of i and b?
14
Suppose 0 = -k + 3*k - 590. Let t = k + -162. Calculate the greatest common factor of 19 and t.
19
Suppose w + k = 11, -5*k - 49 = -4*w + 4. Calculate the highest common factor of 12 and w.
12
Suppose 3*y = -b + 195, -4*b + 45 = y - 31. What is the highest common factor of 96 and y?
32
Let v(o) = 3*o**2 + 3*o + 4. Let q be v(-3). Calculate the highest common divisor of 88 and q.
22
Let v be 821/3 - (-7)/21. Let j = v + -181. Calculate the greatest common factor of 62 and j.
31
Let l be (-2)/(3*(-4)/30). Suppose 0 = -l*g - 6*b + 2*b + 417, 6 = -3*b. Suppose -6*c + 5*c + g = 0. What is the highest common factor of c and 17?
17
Let n = -11 + 6. Let v(y) = -y - 2. Let z be v(n). Suppose z*j = 6*j - 42. What is the greatest common divisor of 56 and j?
14
Let t = 45 - 25. Suppose 4*z + 0*z = 120. What is the highest common divisor of z and t?
10
Let b(s) = -s + 1. Let z be b(-2). Suppose z*g = -15, -3*t - g + 24 = 2*g. Calculate the greatest common divisor of t and 104.
13
Let l(o) = o**3 + 5*o**2 - 10*o - 6. Let r be l(-6). Calculate the highest common factor of 18 and r.
18
Let b = -154 - -454. Let t = -165 + b. Calculate the highest common factor of t and 27.
27
Let c(q) = 2*q + 19. Let y be c(-14). Let i be 454/6 - (-6)/y. Calculate the greatest common factor of i and 50.
25
Let h(o) = 2*o**2 - 4*o - 5. Let c be h(-2). What is the highest common divisor of 1 and c?
1
Let h(q) = -q**3 + 7*q**2 - 5*q + 6. Let m be h(6). What is the highest common divisor of 36 and m?
12
Let h be 15*(-1 - 11/(-5)). Let z = 6 - h. Let s be -1 - ((1 - 2) + z). Calculate the highest common divisor of s and 3.
3
Suppose -120 = t - 5*t. Let w(x) = -x + x + x + 0. Let i be w(5). Calculate the highest common factor of t and i.
5
Let l = -5 - -24. What is the highest common factor of 171 and l?
19
Suppose 0 = -4*t - 0*t. Suppose t = 6*w - 8*w. Suppose -3*o + 52 = -5*n, 4*o = -4*n - w + 48. Calculate the greatest common factor of o and 35.
7
Let j = -6 - -3. Let v be (j - -2)*15/(-1). Let q(u) = -u**2 + 7*u - 3. Let m be q(6). Calculate the highest common factor of m and v.
3
Suppose -3*i - 14 = -2*b + i, -4*b + i + 7 = 0. Suppose 0 = 4*d - 2*o - 0 - 4, -d = -2*o - b. What is the highest common factor of d and 1?
1
Let g be 20 + (-4 - (4 - 4)). Calculate the highest common divisor of g and 48.
16
Let b = -5 + 77. What is the highest common factor of 9 and b?
9
Let s(u) = 5*u**2 - 5*u + 2. Let g be s(2). Calculate the greatest common divisor of 60 and g.
12
Let w(k) = -k**2 + 4*k + 5. Let a be w(5). Suppose -x + a*x = -4. What is the greatest common divisor of x and 4?
4
Let f(y) = -y**3 - 7*y**2 - y - 10. Let m be f(-7). Let l = m + 4. Let j be (7 - l)/3 - 0. Calculate the highest common divisor of j and 4.
2
Let o be (-2)/(((-4)/7)/4). Suppose o = w - 0. Calculate the greatest common divisor of w and 21.
7
Let k(y) = -29*y + 2 + 9*y - 2. Suppose 0 = 3*c - c + 8. Let g be k(c). What is the highest common factor of 32 and g?
16
Let g be 2/((-6)/(-3))*3. Suppose -g*n + 5 = -1. Suppose -3*r + 2*r = -n*w + 9, 3*w - r = 13. What is the greatest common divisor of 1 and w?
1
Suppose 3*r - 4*y - 17 = 0, 4*y - 7 = -3. Suppose -2*t + t - r = 0. Let q be (-2)/t - 348/(-7). What is the greatest common divisor of 10 and q?
10
Suppose -2*y - 2 + 14 = 0. Let s = y - 4. Suppose 5*q = -w - 13, 3*q = s*w - 7*w + 45. What is the highest common factor of w and 12?
12
Let o = -59 - -93. Calculate the highest common divisor of o and 17.
17
Suppose 3*p + 3 = 24. Let b = -4 - -18. What is the greatest common divisor of b and p?
7
Let b(p) = p + 2. Let i be b(0). Let g(r) = 2*r - 4*r + r + 17. Let t be g(9). What is the greatest common factor of t and i?
2
Suppose 0 = -f + 3*f - 48. Suppose 302 = 3*m - 58. Calculate the greatest common divisor of f and m.
24
Suppose n - 2*n = -5. Suppose -2*r = 10, -n*r = y - 0*r + 14. Calculate the greatest common factor of 121 and y.
11
Let n = -45 - -188. Let u be (0/1)/(-3 - -1). Suppose f = -u*f + 13. What is the greatest common divisor of n and f?
13
Suppose 2*i = -2*i + 16. Let k be (-1)/i - 273/(-4). What is the highest common factor of k and 17?
17
Suppose 109 = -5*f + 269. Suppose -11*y = -8*y - 48. What is the highest common factor of y and f?
16
Let a = -13 - -15. What is the greatest common factor of 10 and a?
2
Suppose 0 = -0*n + n + 2. Let p be 1 - (-1 - -5)/n. What is the highe